{"id":1819,"date":"2019-11-21T11:34:44","date_gmt":"2019-11-21T10:34:44","guid":{"rendered":"http:\/\/sppolna.gminagrybow.pl\/?page_id=1819"},"modified":"2019-11-21T11:42:40","modified_gmt":"2019-11-21T10:42:40","slug":"bezpieczna-szkola","status":"publish","type":"page","link":"https:\/\/sppolna.gminagrybow.pl\/?page_id=1819","title":{"rendered":"Bezpieczna szko\u0142a"},"content":{"rendered":"\n<p><strong><a href=\"http:\/\/sppolna.gminagrybow.pl\/wp-content\/uploads\/2019\/11\/Procedury-zagro\u017cenia-w-SP-Polna-2019.pdf\">PROCEDURY POST\u0118POWANIA NAUCZYCIELI I INNYCH PRACOWNIK\u00d3W SZKO\u0141Y W SYTUACJACH NIEPO\u017b\u0104DANYCH ZACHOWA\u0143 UCZNI\u00d3W ORAZ W TRUDNYCH SYTUACJACH WYCHOWAWCZYCH W SZKOLE PODSTAWOWEJ  W POLNEJ<\/a><\/strong><\/p>\n","protected":false},"excerpt":{"rendered":"<p>PROCEDURY POST\u0118POWANIA NAUCZYCIELI I INNYCH PRACOWNIK\u00d3W SZKO\u0141Y W SYTUACJACH NIEPO\u017b\u0104DANYCH ZACHOWA\u0143 UCZNI\u00d3W ORAZ W TRUDNYCH SYTUACJACH WYCHOWAWCZYCH W SZKOLE PODSTAWOWEJ<\/p>\n","protected":false},"author":1,"featured_media":0,"parent":0,"menu_order":0,"comment_status":"closed","ping_status":"closed","template":"","meta":{"footnotes":""},"_links":{"self":[{"href":"https:\/\/sppolna.gminagrybow.pl\/index.php?rest_route=\/wp\/v2\/pages\/1819"}],"collection":[{"href":"https:\/\/sppolna.gminagrybow.pl\/index.php?rest_route=\/wp\/v2\/pages"}],"about":[{"href":"https:\/\/sppolna.gminagrybow.pl\/index.php?rest_route=\/wp\/v2\/types\/page"}],"author":[{"embeddable":true,"href":"https:\/\/sppolna.gminagrybow.pl\/index.php?rest_route=\/wp\/v2\/users\/1"}],"replies":[{"embeddable":true,"href":"https:\/\/sppolna.gminagrybow.pl\/index.php?rest_route=%2Fwp%2Fv2%2Fcomments&post=1819"}],"version-history":[{"count":3,"href":"https:\/\/sppolna.gminagrybow.pl\/index.php?rest_route=\/wp\/v2\/pages\/1819\/revisions"}],"predecessor-version":[{"id":1823,"href":"https:\/\/sppolna.gminagrybow.pl\/index.php?rest_route=\/wp\/v2\/pages\/1819\/revisions\/1823"}],"wp:attachment":[{"href":"https:\/\/sppolna.gminagrybow.pl\/index.php?rest_route=%2Fwp%2Fv2%2Fmedia&parent=1819"}],"curies":[{"name":"wp","href":"https:\/\/api.w.org\/{rel}","templated":true}]}}