{"id":40,"date":"2019-01-03T21:51:09","date_gmt":"2019-01-03T20:51:09","guid":{"rendered":"http:\/\/sppolna.gminagrybow.pl\/?page_id=40"},"modified":"2024-11-21T09:03:45","modified_gmt":"2024-11-21T08:03:45","slug":"przedszkole","status":"publish","type":"page","link":"https:\/\/sppolna.gminagrybow.pl\/?page_id=40","title":{"rendered":"Przedszkole"},"content":{"rendered":"\n<p><strong> <a href=\"http:\/\/sppolna.gminagrybow.pl\/wp-content\/uploads\/2019\/01\/dokument-przyprowadzanieprzedszkole.pdf\">Zasady przyprowadzania i odbierania dzieci przez rodzic\u00f3w  obowi\u0105zuj\u0105ce w oddziale przedszkolnym<\/a><\/strong><\/p>\n\n\n\n<p><strong><a href=\"http:\/\/sppolna.gminagrybow.pl\/wp-content\/uploads\/2019\/01\/dokument-oswiadczenie.pdf\">O\u015bwiadczenie rodzic\u00f3w dzieci ucz\u0119szczaj\u0105cych do oddzia\u0142u  przedszkolnego<\/a><\/strong><\/p>\n\n\n\n<p><strong><a href=\"http:\/\/sppolna.gminagrybow.pl\/wp-content\/uploads\/2019\/01\/OSWIADCZENIEreligia.pdf\">O\u015bwiadczenie woli ucz\u0119szczania dzieci na zaj\u0119cia religii<\/a><\/strong><\/p>\n\n\n\n<p><strong> Ustalone przerwy w pracy oddzia\u0142\u00f3w przedszkolnych (planowane urlopy  nauczycieli) w roku szkolnym 2024\/2025:<\/strong><\/p>\n\n\n\n<ul>\n<li> przerwa wakacyjna: <strong>10.07.2025 do dnia 22.08.2025r. tj. 31 dni<\/strong>. <\/li>\n\n\n\n<li>  urlopy na \u017c\u0105danie: 4 dni  <\/li>\n<\/ul>\n","protected":false},"excerpt":{"rendered":"<p>Zasady przyprowadzania i odbierania dzieci przez rodzic\u00f3w obowi\u0105zuj\u0105ce w oddziale przedszkolnym O\u015bwiadczenie rodzic\u00f3w dzieci ucz\u0119szczaj\u0105cych do oddzia\u0142u przedszkolnego O\u015bwiadczenie woli<\/p>\n","protected":false},"author":1,"featured_media":0,"parent":0,"menu_order":0,"comment_status":"closed","ping_status":"closed","template":"","meta":{"footnotes":""},"_links":{"self":[{"href":"https:\/\/sppolna.gminagrybow.pl\/index.php?rest_route=\/wp\/v2\/pages\/40"}],"collection":[{"href":"https:\/\/sppolna.gminagrybow.pl\/index.php?rest_route=\/wp\/v2\/pages"}],"about":[{"href":"https:\/\/sppolna.gminagrybow.pl\/index.php?rest_route=\/wp\/v2\/types\/page"}],"author":[{"embeddable":true,"href":"https:\/\/sppolna.gminagrybow.pl\/index.php?rest_route=\/wp\/v2\/users\/1"}],"replies":[{"embeddable":true,"href":"https:\/\/sppolna.gminagrybow.pl\/index.php?rest_route=%2Fwp%2Fv2%2Fcomments&post=40"}],"version-history":[{"count":21,"href":"https:\/\/sppolna.gminagrybow.pl\/index.php?rest_route=\/wp\/v2\/pages\/40\/revisions"}],"predecessor-version":[{"id":7453,"href":"https:\/\/sppolna.gminagrybow.pl\/index.php?rest_route=\/wp\/v2\/pages\/40\/revisions\/7453"}],"wp:attachment":[{"href":"https:\/\/sppolna.gminagrybow.pl\/index.php?rest_route=%2Fwp%2Fv2%2Fmedia&parent=40"}],"curies":[{"name":"wp","href":"https:\/\/api.w.org\/{rel}","templated":true}]}}