{"id":4378,"date":"2021-11-04T11:33:49","date_gmt":"2021-11-04T10:33:49","guid":{"rendered":"http:\/\/sppolna.gminagrybow.pl\/?page_id=4378"},"modified":"2025-07-04T12:47:11","modified_gmt":"2025-07-04T10:47:11","slug":"monitoring","status":"publish","type":"page","link":"https:\/\/sppolna.gminagrybow.pl\/?page_id=4378","title":{"rendered":"MONITORING"},"content":{"rendered":"<h2>Monitoring<strong><img loading=\"lazy\" decoding=\"async\" class=\"size-full wp-image-4379 alignright\" src=\"http:\/\/sppolna.gminagrybow.pl\/wp-content\/uploads\/2021\/11\/OIP.jpg\" alt=\"\" width=\"322\" height=\"225\" srcset=\"https:\/\/sppolna.gminagrybow.pl\/wp-content\/uploads\/2021\/11\/OIP.jpg 322w, https:\/\/sppolna.gminagrybow.pl\/wp-content\/uploads\/2021\/11\/OIP-300x210.jpg 300w\" sizes=\"(max-width: 322px) 100vw, 322px\" \/><\/strong><\/h2>\n<p><strong>Zgodnie z art. 13 rozporz\u0105dzenia Parlamentu Europejskiego i Rady (UE) 2016\/679 z dnia 27 kwietnia 2016 r. w sprawie ochrony os\u00f3b fizycznych w zwi\u0105zku z przetwarzaniem danych osobowych i w sprawie swobodnego przep\u0142ywu takich danych oraz uchylenia dyrektywy 95\/46\/WE (og\u00f3lne rozporz\u0105dzenie o ochronie danych okre\u015blane dalej jako \u201eRODO\u201d) informuj\u0119, \u017ce:<\/strong><\/p>\n<ul>\n<li>Administratorem Pa\u0144stwa danych osobowych jest Dyrektor Szko\u0142y Podstawowej im. B\u0142. ks. Jana Balickiego w Polnej. \u00a0Mo\u017cecie Pa\u0144stwo kontaktowa\u0107 si\u0119 z nami listownie wysy\u0142aj\u0105c korespondencj\u0119 na\u00a0 Polna 30, 33-331 Str\u00f3\u017ce, lub telefonicznie pod numerem: +48 18\u00a0447 27 81, b\u0105d\u017a wysy\u0142aj\u0105c maila na adres: sppolna@gminagrybow.pl<\/li>\n<li>W sprawach z zakresu ochrony danych osobowych mog\u0105 Pa\u0144stwo kontaktowa\u0107 si\u0119 \u00a0\u00a0\u00a0\u00a0\u00a0z Inspektorem Ochrony Danych telefonicznie: +48 604 49 95 49 lub wysy\u0142aj\u0105c e-mail na adres: iod.gcuw@gminagrybow.pl<\/li>\n<li>Monitoring stosowany jest wy\u0142\u0105cznie w celu\u00a0 zapewnienia bezpiecze\u0144stwa pracownik\u00f3w i uczni\u00f3w oraz os\u00f3b przebywaj\u0105cych na terenie szko\u0142y, porz\u0105dku publicznego, ochrony przeciwpo\u017carowej oraz ochrony os\u00f3b i mienia Administratora.<\/li>\n<li>Kamery rejestruj\u0105 obszar na zewn\u0105trz budynku obejmuj\u0105cy wjazd na teren szko\u0142y oraz obszary na zewn\u0105trz budynku tj wej\u015bcia g\u0142\u00f3wne do budynku, tereny wok\u00f3\u0142 szko\u0142y np. boisko sportowe, wiata edukacyjna, plac zabaw.<\/li>\n<li>Podstaw\u0105 prawn\u0105 przetwarzania danych w postaci rejestracji obrazu jest art. 9a ustawy z dnia z dnia 8 marca 1990 r. o samorz\u0105dzie gminnym (t.j. Dz. U. z 2019 r. poz. 506, ze zm.)<\/li>\n<li>Zapisy z monitoringu wizyjnego przechowywane s\u0105 przez okres 4 dni. Ze wzgl\u0119d\u00f3w technicznych okres ten mo\u017ce ulec skr\u00f3ceniu.<\/li>\n<li>Odbiorcami zapis\u00f3w z monitoringu wizyjnego mog\u0105 by\u0107 podmioty przetwarzaj\u0105ce dane osobowe na zlecenie Administratora, z kt\u00f3rymi Administrator ma zawarte umowy powierzenia przetwarzania danych osobowych (np. zewn\u0119trzne przedsi\u0119biorstwo us\u0142ugowe ochrony mienia) oraz inne podmioty wy\u0142\u0105cznie uprawnione do uzyskania danych osobowych na podstawie przepis\u00f3w prawa.<\/li>\n<li>Dane osobowe nie s\u0105 przekazywane do pa\u0144stwa trzeciego lub organizacji mi\u0119dzynarodowej.<\/li>\n<li>Zebrane dane osobowe nie podlegaj\u0105 zautomatyzowanemu podejmowaniu decyzji, w tym profilowaniu.<\/li>\n<li>Osobie zarejestrowanej przez system monitoringu przys\u0142uguje prawo dost\u0119pu do danych osobowych, prawo wniesienia sprzeciwu wobec przetwarzania danych osobowych oraz prawo \u017c\u0105dania od Administratora:<\/li>\n<\/ul>\n<p>a)\u00a0 usuni\u0119cia danych osobowych,<\/p>\n<p>b)\u00a0 ograniczenia przetwarzania danych osobowych.<\/p>\n<ul>\n<li>Osobie zarejestrowanej przez system monitoringu wizyjnego przys\u0142uguje prawo wniesienia skargi do organu nadzorczego &#8211; Prezesa Urz\u0119du Ochrony Danych Osobowych.<\/li>\n<\/ul>\n\n\n<h2 class=\"wp-block-heading\">Klauzula&nbsp;informacyjna \u2013 korespondencja elektroniczna<\/h2>\n\n\n\n<p>Zgodnie z art. 13 ust. 1 i 2 Rozporz\u0105dzenia Parlamentu Europejskiego i Rady (UE) 2016\/679 z dnia 27 kwietnia 2016 r. w sprawie ochrony os\u00f3b fizycznych w zwi\u0105zku przetwarzaniem danych osobowych &nbsp;&nbsp;i w sprawie swobodnego przep\u0142ywu takich danych oraz uchylenia dyrektywy 95\/46\/W \u2013 og\u00f3lne rozporz\u0105dzenie o ochronie danych (dalej: RODO), Administrator Szko\u0142a Podstawowa w Polnej informuje, i\u017c:<\/p>\n\n\n\n<ol start=\"1\">\n<li>Administratorem Pani\/Pana danych osobowych jest Szko\u0142a Podstawowa im. B\u0142. ks. Jana Balickiego w Polnej, Polna 30, 33-331 Str\u00f3\u017ce.&nbsp;<\/li>\n\n\n\n<li>We wszystkich sprawach dotycz\u0105cych przetwarzania danych osobowych oraz korzystania&nbsp;z praw zwi\u0105zanych z przetwarzaniem danych mo\u017cna si\u0119 skontaktowa\u0107 z Inspektorem Ochrony Danych: Inspektor Ochrony Danych : Anna Tokarz, kontakt telefoniczny : 604 49 95 49, adres mail : iod.gcuw@gminagrybow.pl z dopiskiem w tytule maila : \u201eDla Inspektora Ochrony Danych\u201d. Adres korespondencyjny : Inspektor Ochrony Danych, Gminne Centrum Us\u0142ug Wsp\u00f3lnych w Grybowie ul. Jakubowskiego 33A, 33-330 Gryb\u00f3w z dopiskiem: \u201eDla Inspektora Ochrony Danych\u201d.<\/li>\n\n\n\n<li>W sprawach ochrony Pani\/Pana danych osobowych mo\u017cna kontaktowa\u0107 si\u0119 z Inspektorem Ochrony Danych na wskazane powy\u017cej adresy.<\/li>\n\n\n\n<li>Pani\/Pana dane osobowe na podstawie art. 6 ust. 1 lit a i c RODO przetwarzane b\u0119d\u0105&nbsp; w celu obs\u0142ugi korespondencji administratora\/z administratorem wynikaj\u0105cej&nbsp; z&nbsp; obowi\u0105zk\u00f3w wype\u0142nienia przez niego zada\u0144 i dzia\u0142a\u0144 okre\u015blonych w przepisach prawnych, szczeg\u00f3lnych okre\u015blaj\u0105cych zakres jego dzia\u0142ania lub umowy b\u0105d\u017a Pani\/Pana zgody.&nbsp;<\/li>\n\n\n\n<li>Pani\/Pana dane osobowe mo\u017cemy przekazywa\u0107 i udost\u0119pnia\u0107 wy\u0142\u0105cznie podmiotom uprawnionym na podstawie obowi\u0105zuj\u0105cych przepis\u00f3w prawa, podmiotom zewn\u0119trznym&nbsp; \u015bwiadcz\u0105cych na rzecz Administratora us\u0142ugi prawne, informatyczne, pocztowe, medyczne &nbsp;i inne lub wsp\u00f3\u0142pracuj\u0105cych z Administratorem b\u0105d\u017a uprawnionym do uzyskania danych osobowych wy\u0142\u0105cznie na podstawie i w granicach&nbsp; przepis\u00f3w prawa.&nbsp; Jednak\u017ce przekazanie Pani\/Pana danych nast\u0105pi\u0107 mo\u017ce tylko wtedy, gdy zapewni\u0105 one odpowiedni\u0105 ochron\u0119 Pani\/Pana praw.&nbsp;<\/li>\n\n\n\n<li>Pani\/Pana dane osobowe b\u0119d\u0105 przetwarzane przez okres zgodny z obowi\u0105zuj\u0105cymi przepisami prawa, nast\u0119pnie zostan\u0105 usuni\u0119te.<\/li>\n\n\n\n<li>Ma Pani\/Pan prawo do \u017c\u0105dania od administratora:\n<ul>\n<li>dost\u0119pu do swoich danych osobowych,<\/li>\n\n\n\n<li>\u017c\u0105dania ich sprostowania,<\/li>\n\n\n\n<li>usuni\u0119cia lub ograniczenia przetwarzania,<\/li>\n\n\n\n<li>wniesienia sprzeciwu wobec przetwarzania,<\/li>\n\n\n\n<li>prawo do przenoszenia danych.&nbsp;<\/li>\n<\/ul>\n<\/li>\n\n\n\n<li>W przypadku, gdy przetwarzanie odbywa si\u0119 na podstawie Pani\/Pana zgody informujemy, \u017ce przys\u0142uguje Pani\/u prawo do wycofania zgody mo\u017ce w dowolnym momencie.&nbsp;<\/li>\n\n\n\n<li>W przypadku, gdy nie poda nam Pani\/Pana swoich danych osobowych nie b\u0119dziemy mogli informowa\u0107 o toku danej sprawy drog\u0105 elektroniczn\u0105.&nbsp;<\/li>\n\n\n\n<li>Przys\u0142uguje Pani\/Panu tak\u017ce prawo wniesienia skargi do organu nadzorczego na niezgodnie\u00a0z przepisami RODO przetwarzanie danych do Prezesa Urz\u0119du Ochrony Danych Osobowych.<\/li>\n\n\n\n<li>Pani\/Pana dane nie b\u0119d\u0105 przetwarzane w spos\u00f3b zautomatyzowany, w tym r\u00f3wnie\u017c&nbsp;w formie profilowania.&nbsp;<\/li>\n<\/ol>\n","protected":false},"excerpt":{"rendered":"<p>Monitoring Zgodnie z art. 13 rozporz\u0105dzenia Parlamentu Europejskiego i Rady (UE) 2016\/679 z dnia 27 kwietnia 2016 r. w sprawie<\/p>\n","protected":false},"author":1,"featured_media":0,"parent":0,"menu_order":0,"comment_status":"closed","ping_status":"closed","template":"","meta":{"footnotes":""},"_links":{"self":[{"href":"https:\/\/sppolna.gminagrybow.pl\/index.php?rest_route=\/wp\/v2\/pages\/4378"}],"collection":[{"href":"https:\/\/sppolna.gminagrybow.pl\/index.php?rest_route=\/wp\/v2\/pages"}],"about":[{"href":"https:\/\/sppolna.gminagrybow.pl\/index.php?rest_route=\/wp\/v2\/types\/page"}],"author":[{"embeddable":true,"href":"https:\/\/sppolna.gminagrybow.pl\/index.php?rest_route=\/wp\/v2\/users\/1"}],"replies":[{"embeddable":true,"href":"https:\/\/sppolna.gminagrybow.pl\/index.php?rest_route=%2Fwp%2Fv2%2Fcomments&post=4378"}],"version-history":[{"count":8,"href":"https:\/\/sppolna.gminagrybow.pl\/index.php?rest_route=\/wp\/v2\/pages\/4378\/revisions"}],"predecessor-version":[{"id":8132,"href":"https:\/\/sppolna.gminagrybow.pl\/index.php?rest_route=\/wp\/v2\/pages\/4378\/revisions\/8132"}],"wp:attachment":[{"href":"https:\/\/sppolna.gminagrybow.pl\/index.php?rest_route=%2Fwp%2Fv2%2Fmedia&parent=4378"}],"curies":[{"name":"wp","href":"https:\/\/api.w.org\/{rel}","templated":true}]}}