{"id":92,"date":"2019-01-11T15:28:51","date_gmt":"2019-01-11T14:28:51","guid":{"rendered":"http:\/\/sppolna.gminagrybow.pl\/?page_id=92"},"modified":"2025-09-20T20:42:08","modified_gmt":"2025-09-20T18:42:08","slug":"kalendarz-roku-szkolnego","status":"publish","type":"page","link":"https:\/\/sppolna.gminagrybow.pl\/?page_id=92","title":{"rendered":"Kalendarz roku szkolnego 2025\/2026"},"content":{"rendered":"\n<p><\/p>\n\n\n\n\n\n<p><\/p>\n\n\n\n<figure class=\"wp-block-table is-style-stripes\"><table><tbody><tr><td>1.<\/td><td>Rozpocz\u0119cie roku szkolnego 2025\/26<\/td><td>01.09.2025<\/td><\/tr><tr><td>2.<\/td><td>Zebranie og\u00f3lne i klasowe z rodzicami<\/td><td>18.09.2025<\/td><\/tr><tr><td>3.<\/td><td>Obchody 84 rocznicy agresji Zwi\u0105zku Sowieckiego na Polsk\u0119 17 wrze\u015bnia 1939 roku i Dnia Sybiraka<\/td><td>17.09.2025<\/td><\/tr><tr><td>4.<\/td><td>Dzie\u0144 Edukacji Narodowej<\/td><td>13.10.2025<\/td><\/tr><tr><td>5.<\/td><td>\u015awi\u0119to Patrona Szko\u0142y i \u015blubowanie kl. I<\/td><td>24.10.2025<\/td><\/tr><tr><td>6.<\/td><td>Spotkanie wywiadowcze z rodzicami<\/td><td>6.11.2025<\/td><\/tr><tr><td>7.<\/td><td>\u015awi\u0119to Niepodleg\u0142o\u015bci<\/td><td>7.11.2025<\/td><\/tr><tr><td>8.<\/td><td>Miko\u0142ajki<\/td><td>5.12.2025<\/td><\/tr><tr><td>9.<\/td><td>Szkolne kol\u0119dowanie dla ca\u0142ej spo\u0142eczno\u015bci<\/td><td>21.12.2025<\/td><\/tr><tr><td>10.<\/td><td>Zimowa przerwa \u015bwi\u0105teczna<\/td><td>22.12 \u2013 31.12.2025<\/td><\/tr><tr><td>11.<\/td><td>Poinformowanie rodzic\u00f3w o&nbsp; \u015br\u00f3drocznych ocenach klasyfikacyjnych \u2013 spotkanie wywiadowcze z rodzicami.<\/td><td>9.01.2026<\/td><\/tr><tr><td>12.<\/td><td>Klasyfikacyjne posiedzenie rady pedagogicznej i podsumowuj\u0105ce prace w I okresie.<\/td><td>16.01.2026<\/td><\/tr><tr><td>13.<\/td><td>Dzie\u0144 Babci i Dziadka<\/td><td>22.01.2026<\/td><\/tr><tr><td>14.<\/td><td>Ferie zimowe<\/td><td>02.02-15.02.2026<\/td><\/tr><tr><td>15.<\/td><td>Narodowy Dzie\u0144 Pami\u0119ci &#8222;\u017bo\u0142nierzy Wykl\u0119tych&#8221;<\/td><td>02.03.2026<\/td><\/tr><tr><td>16.<\/td><td>Akademia wielkanocna<\/td><td>01.04.2026<\/td><\/tr><tr><td>17.<\/td><td>Wiosenna przerwa \u015bwi\u0105teczna<\/td><td>2\u20137.04.2026<\/td><\/tr><tr><td>18.<\/td><td>Spotkanie wywiadowcze z rodzicami<\/td><td>09.04.2026<\/td><\/tr><tr><td>19.<\/td><td>\u015awi\u0119to Konstytucji 3 Maja<\/td><td>30.04.2026<\/td><\/tr><tr><td>20.<\/td><td>Dzie\u0144 mamy<\/td><td>26.05.2026<\/td><\/tr><tr><td>21.<\/td><td>Spotkanie wywiadowcze z rodzicami<\/td><td>28.05.2026<\/td><\/tr><tr><td>22.<\/td><td>Dzie\u0144 dziecka<\/td><td>01.06.2026<\/td><\/tr><tr><td>23.<\/td><td>Poinformowanie uczni\u00f3w i rodzic\u00f3w o przewidywanych rocznych ocenach klasyfikacyjnych<\/td><td>12.06.2026<\/td><\/tr><tr><td>24.<\/td><td>Klasyfikacyjne posiedzenie rady pedagogicznej<\/td><td>19.06.2026<\/td><\/tr><tr><td>25.<\/td><td>Zako\u0144czenie roku szkolnego 2025\/26 \u2013 oddzia\u0142y przedszkolne<\/td><td>24.06.2026<\/td><\/tr><tr><td>26.<\/td><td>Zako\u0144czenie roku szkolnego 2025\/26<\/td><td>26.06.2026<\/td><\/tr><tr><td>27.<\/td><td>Posiedzenie rady pedagogicznej podsumowuj\u0105ce prac\u0119 w roku szkolnym 2025\/26<\/td><td>30.06.2026<\/td><\/tr><\/tbody><\/table><\/figure>\n\n\n<p><strong><em>Dni wolne \u00a0od zaj\u0119\u0107 dydaktycznych:<\/em><\/strong><\/p>\n<ul>\n<li>14.10.2025r.(wtorek)<\/li>\n<li>10.11.2025r.(poniedzia\u0142ek)<\/li>\n<li>02.01.2026r. (pi\u0105tek);<\/li>\n<li>05.01.2026r. (poniedzia\u0142ek);<\/li>\n<li>11, 12, 13.05.2026 (egzaminy OKE);<\/li>\n<li>05.06.2026r. (pi\u0105tek po Bo\u017cym Ciele);<\/li>\n<\/ul>","protected":false},"excerpt":{"rendered":"<p>1. Rozpocz\u0119cie roku szkolnego 2025\/26 01.09.2025 2. Zebranie og\u00f3lne i klasowe z rodzicami 18.09.2025 3. Obchody 84 rocznicy agresji Zwi\u0105zku<\/p>\n","protected":false},"author":1,"featured_media":0,"parent":0,"menu_order":0,"comment_status":"closed","ping_status":"closed","template":"","meta":{"footnotes":""},"_links":{"self":[{"href":"https:\/\/sppolna.gminagrybow.pl\/index.php?rest_route=\/wp\/v2\/pages\/92"}],"collection":[{"href":"https:\/\/sppolna.gminagrybow.pl\/index.php?rest_route=\/wp\/v2\/pages"}],"about":[{"href":"https:\/\/sppolna.gminagrybow.pl\/index.php?rest_route=\/wp\/v2\/types\/page"}],"author":[{"embeddable":true,"href":"https:\/\/sppolna.gminagrybow.pl\/index.php?rest_route=\/wp\/v2\/users\/1"}],"replies":[{"embeddable":true,"href":"https:\/\/sppolna.gminagrybow.pl\/index.php?rest_route=%2Fwp%2Fv2%2Fcomments&post=92"}],"version-history":[{"count":59,"href":"https:\/\/sppolna.gminagrybow.pl\/index.php?rest_route=\/wp\/v2\/pages\/92\/revisions"}],"predecessor-version":[{"id":8284,"href":"https:\/\/sppolna.gminagrybow.pl\/index.php?rest_route=\/wp\/v2\/pages\/92\/revisions\/8284"}],"wp:attachment":[{"href":"https:\/\/sppolna.gminagrybow.pl\/index.php?rest_route=%2Fwp%2Fv2%2Fmedia&parent=92"}],"curies":[{"name":"wp","href":"https:\/\/api.w.org\/{rel}","templated":true}]}}